{"id":85,"date":"2015-12-22T19:17:50","date_gmt":"2015-12-22T19:17:50","guid":{"rendered":"http:\/\/www.lalcecrosario.org.ar\/lalcec\/?page_id=85"},"modified":"2024-07-26T16:47:44","modified_gmt":"2024-07-26T16:47:44","slug":"comision-directiva-2014-2016","status":"publish","type":"page","link":"https:\/\/www.lalcecrosario.org.ar\/lalcec\/comision-directiva-2014-2016\/","title":{"rendered":"Comisi\u00f3n Directiva 2024-2026"},"content":{"rendered":"<table style=\"height: 59px;\" width=\"720\">\n<tbody>\n<tr>\n<td style=\"text-align: right;\"><strong>Presidente<\/strong><\/td>\n<td>Liliana Drovetta de Espa\u00f1a<\/td>\n<\/tr>\n<tr>\n<td style=\"text-align: right;\"><strong>Vicepresidente 1<\/strong><\/td>\n<td>Mar\u00eda Isabel Araya de Amuch\u00e1stegui<\/td>\n<\/tr>\n<tr>\n<td style=\"text-align: right;\"><strong>Vicepresidente 2<\/strong><\/td>\n<td>Laura Perticarari de Bollero<\/td>\n<\/tr>\n<tr>\n<td style=\"text-align: right;\"><strong>Secretaria<\/strong><\/td>\n<td>Rita Hertz de Gal\u00e1n<\/td>\n<\/tr>\n<tr>\n<td style=\"text-align: right;\"><strong>Prosecretaria<\/strong><\/td>\n<td>Mar\u00eda Teresa Dorrius de Ferrer<\/td>\n<\/tr>\n<tr>\n<td style=\"text-align: right;\"><strong>Tesorera<\/strong><\/td>\n<td>Laura Elena Vaqui\u00e9 de Yost<\/td>\n<\/tr>\n<tr>\n<td style=\"text-align: right;\"><strong>Protesorera<\/strong><\/td>\n<td>Virginia Ort\u00edz de Amuch\u00e1stegui<\/td>\n<\/tr>\n<tr>\n<td style=\"text-align: right; vertical-align: top;\"><strong>Revisoras de Cuentas<\/strong><\/td>\n<td>Ma. del Luj\u00e1n Gravitto de Gradilone<br \/>\nCecilia Zampettini<\/td>\n<\/tr>\n<tr>\n<td style=\"text-align: right; vertical-align: top;\"><strong>Vocales Titulares<\/strong><\/td>\n<td>Graciela de la R\u00faa<\/p>\n<p>Ma. Ang\u00e9lica Pineda de Abdelmalek<\/p>\n<p>Nora Peters de Luis<\/p>\n<p>Alicia Maiola de Maso<\/p>\n<p>Angela del Carmen Regueiro<\/td>\n<\/tr>\n<tr>\n<td style=\"text-align: right; vertical-align: top;\"><strong>Vocales Suplentes<\/strong><\/td>\n<td>Ma. del Carmen Bonilla de Lucero<\/p>\n<p>Mar\u00eda In\u00e9s Casiello de D\u2019El\u00eda<\/p>\n<p>Liliana Mar\u00eda Vergara<\/p>\n<p>Ma. Rosa Casiello de Raspall<\/p>\n<p>M\u00f3nica Raffaelli de Trgo<\/td>\n<\/tr>\n<\/tbody>\n<\/table>\n","protected":false},"excerpt":{"rendered":"<p>Presidente Liliana Drovetta de Espa\u00f1a Vicepresidente 1 Mar\u00eda Isabel Araya de Amuch\u00e1stegui Vicepresidente 2 Laura Perticarari de Bollero Secretaria Rita Hertz de Gal\u00e1n Prosecretaria Mar\u00eda Teresa Dorrius de Ferrer Tesorera Laura Elena Vaqui\u00e9 de Yost Protesorera Virginia Ort\u00edz de Amuch\u00e1stegui Revisoras de Cuentas Ma. del Luj\u00e1n Gravitto de Gradilone Cecilia&#8230;<\/p>\n<p> <a class=\"continue-reading-link\" href=\"https:\/\/www.lalcecrosario.org.ar\/lalcec\/comision-directiva-2014-2016\/\"><span>Ampliar<\/span><i class=\"crycon-right-dir\"><\/i><\/a> <\/p>\n","protected":false},"author":1,"featured_media":0,"parent":0,"menu_order":0,"comment_status":"closed","ping_status":"closed","template":"","meta":{"footnotes":""},"class_list":["post-85","page","type-page","status-publish","hentry","wpautop"],"jetpack_sharing_enabled":true,"_links":{"self":[{"href":"https:\/\/www.lalcecrosario.org.ar\/lalcec\/wp-json\/wp\/v2\/pages\/85","targetHints":{"allow":["GET"]}}],"collection":[{"href":"https:\/\/www.lalcecrosario.org.ar\/lalcec\/wp-json\/wp\/v2\/pages"}],"about":[{"href":"https:\/\/www.lalcecrosario.org.ar\/lalcec\/wp-json\/wp\/v2\/types\/page"}],"author":[{"embeddable":true,"href":"https:\/\/www.lalcecrosario.org.ar\/lalcec\/wp-json\/wp\/v2\/users\/1"}],"replies":[{"embeddable":true,"href":"https:\/\/www.lalcecrosario.org.ar\/lalcec\/wp-json\/wp\/v2\/comments?post=85"}],"version-history":[{"count":14,"href":"https:\/\/www.lalcecrosario.org.ar\/lalcec\/wp-json\/wp\/v2\/pages\/85\/revisions"}],"predecessor-version":[{"id":592,"href":"https:\/\/www.lalcecrosario.org.ar\/lalcec\/wp-json\/wp\/v2\/pages\/85\/revisions\/592"}],"wp:attachment":[{"href":"https:\/\/www.lalcecrosario.org.ar\/lalcec\/wp-json\/wp\/v2\/media?parent=85"}],"curies":[{"name":"wp","href":"https:\/\/api.w.org\/{rel}","templated":true}]}}