{"id":83,"date":"2015-12-22T19:07:21","date_gmt":"2015-12-22T19:07:21","guid":{"rendered":"http:\/\/www.lalcecrosario.org.ar\/lalcec\/?page_id=83"},"modified":"2018-06-17T21:40:25","modified_gmt":"2018-06-17T21:40:25","slug":"memoria","status":"publish","type":"page","link":"https:\/\/www.lalcecrosario.org.ar\/lalcec\/memoria\/","title":{"rendered":"Memoria 2017"},"content":{"rendered":"<p>En virtud de la culminaci\u00f3n del ejercicio econ\u00f3mico y en cumplimiento de las disposiciones legales y estatutarias vigentes, la Comisi\u00f3n Directiva tiene el agrado de poner a consideraci\u00f3n de la Asamblea General Ordinaria de Asociados la Memoria y Balance General del ejercicio finalizado el 31 de diciembre de 2017.<\/p>\n<p>En este nuevo per\u00edodo institucional se destac\u00f3 la decisi\u00f3n de potenciar nuestras actividades de campa\u00f1as anuales p\u00fablicas y gratuitas traslad\u00e1ndolas a espacios p\u00fablicos de alta circulaci\u00f3n con el objetivo de lograr una llegada m\u00e1s amplia a todas aquellas personas que carezcan de cobertura social.<\/p>\n<p>Actividades desarrolladas:<\/p>\n<ul>\n<li>Marzo: Campa\u00f1a gratuita \u00abAlba Nora Canepa\u00bb.<\/li>\n<li>Abril: Campa\u00f1a por el \u00abD\u00eda Mundial de la Voz\u00bb.<\/li>\n<li>Junio: \u201cLuzca bien- Si\u00e9ntase mejor\u201d, programa organizado por CAPA (C\u00e1mara Argentina de la industria de Cosm\u00e9tica y Perfumer\u00eda).<\/li>\n<li>Septiembre: Campa\u00f1a gratuita de ex\u00e1menes de Papanicolaou.<\/li>\n<li>Festival de Tango en Auditorio Fundaci\u00f2n<\/li>\n<li>Octubre: Campa\u00f1a gratuita de Prevenci\u00f3n de C\u00e1ncer de Mama con el apoyo del Grupo Asegurador La Segunda.<\/li>\n<li>T\u00e9\/Buraco en las instalaciones del Rosario Golf Club.<\/li>\n<li>Noviembre: \u201cParty in Pink\u201d en el Gimnasio Rumba.<\/li>\n<li>Campa\u00f1a de Prevenci\u00f3n de C\u00e1ncer de Piel.<\/li>\n<li>Segundo taller de \u201cLuzca bien &#8211; Si\u00e9ntase mejor\u201d<\/li>\n<\/ul>\n<p>El detalle completo de las actividades se refleja en apartados especiales con t\u00edtulos aclaratorios que exponemos ante la Asamblea junto al Balance del per\u00edodo contable 1\/1\/2017 \u2013 31\/12\/2017 para su aprobaci\u00f3n.<\/p>\n<p>Lamentamos el fallecimiento del ur\u00f3logo Dr. Fernando Premoli, quien atendiera consultorio y resolviera todas las consultas m\u00e9dicas de su especialidad.<\/p>\n<p>El Dr. Juan Capitaine Funes se hace cargo del consultorio de Patolog\u00eda Mamaria en reemplazo del Dr. N\u00e9stor D\u00edaz Florentini quien se acogi\u00f3 a los beneficios de la jubilaci\u00f3n.<\/p>\n<p>La Dra. Valeria Pussetto toma a su cargo el consultorio de Dermatolog\u00eda.<\/p>\n<p>Agradecemos especialmente a los j\u00f3venes voluntarios que colaboran desinteresadamente recaudando en espect\u00e1culos p\u00fablicos de la ciudad.<\/p>\n<p>Nuestro agradecimiento a las empresas y particulares que colaboran con nuestra obra, as\u00ed como a la prensa que nos ayuda a difundirla.<\/p>\n<p>Reiteramos una vez m\u00e1s nuestro compromiso de seguir con nuestro accionar, mantener nuestros principios y honrar la trayectoria de quienes nos precedieron en esta tarea.<\/p>\n<p>&nbsp;<\/p>\n","protected":false},"excerpt":{"rendered":"<p>En virtud de la culminaci\u00f3n del ejercicio econ\u00f3mico y en cumplimiento de las disposiciones legales y estatutarias vigentes, la Comisi\u00f3n Directiva tiene el agrado de poner a consideraci\u00f3n de la Asamblea General Ordinaria de Asociados la Memoria y Balance General del ejercicio finalizado el 31 de diciembre de 2017. En&#8230;<\/p>\n<p> <a class=\"continue-reading-link\" href=\"https:\/\/www.lalcecrosario.org.ar\/lalcec\/memoria\/\"><span>Ampliar<\/span><i class=\"crycon-right-dir\"><\/i><\/a> <\/p>\n","protected":false},"author":1,"featured_media":0,"parent":0,"menu_order":0,"comment_status":"closed","ping_status":"closed","template":"","meta":{"footnotes":""},"class_list":["post-83","page","type-page","status-publish","hentry","wpautop"],"jetpack_sharing_enabled":true,"_links":{"self":[{"href":"https:\/\/www.lalcecrosario.org.ar\/lalcec\/wp-json\/wp\/v2\/pages\/83","targetHints":{"allow":["GET"]}}],"collection":[{"href":"https:\/\/www.lalcecrosario.org.ar\/lalcec\/wp-json\/wp\/v2\/pages"}],"about":[{"href":"https:\/\/www.lalcecrosario.org.ar\/lalcec\/wp-json\/wp\/v2\/types\/page"}],"author":[{"embeddable":true,"href":"https:\/\/www.lalcecrosario.org.ar\/lalcec\/wp-json\/wp\/v2\/users\/1"}],"replies":[{"embeddable":true,"href":"https:\/\/www.lalcecrosario.org.ar\/lalcec\/wp-json\/wp\/v2\/comments?post=83"}],"version-history":[{"count":8,"href":"https:\/\/www.lalcecrosario.org.ar\/lalcec\/wp-json\/wp\/v2\/pages\/83\/revisions"}],"predecessor-version":[{"id":307,"href":"https:\/\/www.lalcecrosario.org.ar\/lalcec\/wp-json\/wp\/v2\/pages\/83\/revisions\/307"}],"wp:attachment":[{"href":"https:\/\/www.lalcecrosario.org.ar\/lalcec\/wp-json\/wp\/v2\/media?parent=83"}],"curies":[{"name":"wp","href":"https:\/\/api.w.org\/{rel}","templated":true}]}}

<p>En virtud de la culminación del ejercicio económico y en cumplimiento de las disposiciones legales y estatutarias vigentes, la Comisión Directiva tiene el agrado de poner a consideración de la Asamblea General Ordinaria de Asociados la Memoria y Balance General del ejercicio finalizado el 31 de diciembre de 2017.</p>
<p>En este nuevo período institucional se destacó la decisión de potenciar nuestras actividades de campañas anuales públicas y gratuitas trasladándolas a espacios públicos de alta circulación con el objetivo de lograr una llegada más amplia a todas aquellas personas que carezcan de cobertura social.</p>
<p>Actividades desarrolladas:</p>
<ul>
<li>Marzo: Campaña gratuita «Alba Nora Canepa».</li>
<li>Abril: Campaña por el «Día Mundial de la Voz».</li>
<li>Junio: “Luzca bien- Siéntase mejor”, programa organizado por CAPA (Cámara Argentina de la industria de Cosmética y Perfumería).</li>
<li>Septiembre: Campaña gratuita de exámenes de Papanicolaou.</li>
<li>Festival de Tango en Auditorio Fundaciòn</li>
<li>Octubre: Campaña gratuita de Prevención de Cáncer de Mama con el apoyo del Grupo Asegurador La Segunda.</li>
<li>Té/Buraco en las instalaciones del Rosario Golf Club.</li>
<li>Noviembre: “Party in Pink” en el Gimnasio Rumba.</li>
<li>Campaña de Prevención de Cáncer de Piel.</li>
<li>Segundo taller de “Luzca bien &#8211; Siéntase mejor”</li>
</ul>
<p>El detalle completo de las actividades se refleja en apartados especiales con títulos aclaratorios que exponemos ante la Asamblea junto al Balance del período contable 1/1/2017 – 31/12/2017 para su aprobación.</p>
<p>Lamentamos el fallecimiento del urólogo Dr. Fernando Premoli, quien atendiera consultorio y resolviera todas las consultas médicas de su especialidad.</p>
<p>El Dr. Juan Capitaine Funes se hace cargo del consultorio de Patología Mamaria en reemplazo del Dr. Néstor Díaz Florentini quien se acogió a los beneficios de la jubilación.</p>
<p>La Dra. Valeria Pussetto toma a su cargo el consultorio de Dermatología.</p>
<p>Agradecemos especialmente a los jóvenes voluntarios que colaboran desinteresadamente recaudando en espectáculos públicos de la ciudad.</p>
<p>Nuestro agradecimiento a las empresas y particulares que colaboran con nuestra obra, así como a la prensa que nos ayuda a difundirla.</p>
<p>Reiteramos una vez más nuestro compromiso de seguir con nuestro accionar, mantener nuestros principios y honrar la trayectoria de quienes nos precedieron en esta tarea.</p>
<p>&nbsp;</p>

<p>En virtud de la culminación del ejercicio económico y en cumplimiento de las disposiciones legales y estatutarias vigentes, la Comisión Directiva tiene el agrado de poner a consideración de la Asamblea General Ordinaria de Asociados la Memoria y Balance General del ejercicio finalizado el 31 de diciembre de 2017. En&#8230;</p>
<p> <a class="continue-reading-link" href="https://www.lalcecrosario.org.ar/lalcec/memoria/"><span>Ampliar</span><i class="crycon-right-dir"></i></a> </p>
