{"id":44,"date":"2015-11-10T21:41:57","date_gmt":"2015-11-10T21:41:57","guid":{"rendered":"http:\/\/www.lalcecrosario.org.ar\/lalcec\/?page_id=44"},"modified":"2023-03-15T14:32:10","modified_gmt":"2023-03-15T14:32:10","slug":"cancer-de-laringe","status":"publish","type":"page","link":"https:\/\/www.lalcecrosario.org.ar\/lalcec\/cancer-de-laringe\/","title":{"rendered":"C\u00e1ncer de laringe"},"content":{"rendered":"<p>El c\u00e1ncer de laringe es provocado por la aparici\u00f3n de c\u00e9lulas cancerosas en la laringe, \u00f3rgano situado en el cuello que forma parte del aparato respiratorio y sirve para la fonaci\u00f3n.<br \/>\nEst\u00e1 asociado directamente al alcohol y al tabaquismo.<\/p>\n<p><strong>SINTOMAS<\/strong><br \/>\n\u2022 Dolor de garganta o tos que no desaparece.<br \/>\n\u2022 Dificultad al tragar.<br \/>\n\u2022 Dolor de o\u00eddo.<br \/>\n\u2022 Bulto en cuello o garganta.<br \/>\n\u2022 Cambio en la voz o ronquera.<\/p>\n<p><strong>PREVENCI\u00d3N<\/strong><br \/>\nPara detectar el c\u00e1ncer de laringe se utilizan pruebas que examinan el cuello y la garganta. Una de ellas es la laringoscop\u00eda que consiste en deslizar un tubo con luz que permite observar la laringe.<\/p>\n<p><strong>FACTORES DE RIESGO<\/strong><br \/>\n\u2022 Tabaquismo.<br \/>\n\u2022 Alcoholismo.<br \/>\n\u2022 Malos h\u00e1bitos nutricionales.<br \/>\n\u2022 Reflujo gastroesof\u00e1gico.<br \/>\n\u2022 Inmunodeficiencias.<br \/>\n\u2022 Exposici\u00f3n en lugar de trabajo.<br \/>\n\u2022 Contaminaci\u00f3n ambiental.<br \/>\n\u2022 Antecedentes familiares de c\u00e1ncer de laringe.<\/p>\n<div><strong>ACTIVIDADES EN NUESTRA SEDE<\/strong><\/div>\n<div>\u2022 Rehabilitaci\u00f3n para pacientes operados de c\u00e1ncer de laringe.<\/div>\n<div>\u2022 Consultorio de detecci\u00f3n precoz de c\u00e1ncer de laringe.<\/div>\n<div>\u2022 Campa\u00f1a del D\u00eda Mundial de la Voz.<\/div>\n<div>\u2022 Charla informativa \u201cAbordaje integral del paciente laringectomizado\u201d a alumnas de la carrera de Fonoaudiolog\u00eda.<\/div>\n<div><\/div>\n<div><\/div>\n<div>\n<div><strong>INTEGRANTES DEL SERVICIO DE FONOAUDIOLOG\u00cdA:<\/strong><\/div>\n<div>Direcci\u00f3n: Lic. Fazzari Baiana Kimei.<\/div>\n<div>Coordinaci\u00f3n: Lic. Carina Ojeda.<\/div>\n<div>M\u00e9dico; Dr. Nicol\u00e1s Demar\u00eda<\/div>\n<\/div>\n<h3 style=\"text-align: center;\">\u00a1 Cuide su vida ! Una consulta a tiempo puede salvarla.<\/h3>\n","protected":false},"excerpt":{"rendered":"<p>El c\u00e1ncer de laringe es provocado por la aparici\u00f3n de c\u00e9lulas cancerosas en la laringe, \u00f3rgano situado en el cuello que forma parte del aparato respiratorio y sirve para la fonaci\u00f3n. Est\u00e1 asociado directamente al alcohol y al tabaquismo. SINTOMAS \u2022 Dolor de garganta o tos que no desaparece. \u2022&#8230;<\/p>\n<p> <a class=\"continue-reading-link\" href=\"https:\/\/www.lalcecrosario.org.ar\/lalcec\/cancer-de-laringe\/\"><span>Ampliar<\/span><i class=\"crycon-right-dir\"><\/i><\/a> <\/p>\n","protected":false},"author":1,"featured_media":0,"parent":0,"menu_order":0,"comment_status":"closed","ping_status":"closed","template":"","meta":{"footnotes":""},"class_list":["post-44","page","type-page","status-publish","hentry","wpautop"],"jetpack_sharing_enabled":true,"_links":{"self":[{"href":"https:\/\/www.lalcecrosario.org.ar\/lalcec\/wp-json\/wp\/v2\/pages\/44","targetHints":{"allow":["GET"]}}],"collection":[{"href":"https:\/\/www.lalcecrosario.org.ar\/lalcec\/wp-json\/wp\/v2\/pages"}],"about":[{"href":"https:\/\/www.lalcecrosario.org.ar\/lalcec\/wp-json\/wp\/v2\/types\/page"}],"author":[{"embeddable":true,"href":"https:\/\/www.lalcecrosario.org.ar\/lalcec\/wp-json\/wp\/v2\/users\/1"}],"replies":[{"embeddable":true,"href":"https:\/\/www.lalcecrosario.org.ar\/lalcec\/wp-json\/wp\/v2\/comments?post=44"}],"version-history":[{"count":3,"href":"https:\/\/www.lalcecrosario.org.ar\/lalcec\/wp-json\/wp\/v2\/pages\/44\/revisions"}],"predecessor-version":[{"id":578,"href":"https:\/\/www.lalcecrosario.org.ar\/lalcec\/wp-json\/wp\/v2\/pages\/44\/revisions\/578"}],"wp:attachment":[{"href":"https:\/\/www.lalcecrosario.org.ar\/lalcec\/wp-json\/wp\/v2\/media?parent=44"}],"curies":[{"name":"wp","href":"https:\/\/api.w.org\/{rel}","templated":true}]}}