{"id":10,"date":"2015-11-10T01:43:50","date_gmt":"2015-11-10T01:43:50","guid":{"rendered":"http:\/\/www.lalcecrosario.org.ar\/lalcec\/?page_id=10"},"modified":"2015-12-30T07:09:00","modified_gmt":"2015-12-30T07:09:00","slug":"servicios-a-la-comunidad","status":"publish","type":"page","link":"https:\/\/www.lalcecrosario.org.ar\/lalcec\/servicios-a-la-comunidad\/","title":{"rendered":"Servicios a la comunidad"},"content":{"rendered":"<ul>\n<li>Consultorio de detecci\u00f3n precoz de c\u00e1ncer ginecol\u00f3gico.<\/li>\n<li>Consultorio de detecci\u00f3n precoz de c\u00e1ncer colo-recto-anal.<\/li>\n<li>Consultorio de detecci\u00f3n precoz de c\u00e1ncer de pr\u00f3stata.<\/li>\n<li>Consultorio de detecci\u00f3n precoz de c\u00e1ncer de piel.<\/li>\n<li>Consultorio de patolog\u00eda mamaria.<\/li>\n<li>Centro de apoyo y rehabilitaci\u00f3n para operados de laringe &#8211; CAROL.\u00a0 [<a href=\"https:\/\/www.lalcecrosario.org.ar\/lalcec\/tabaquismo\/\">Leer m\u00e1s<\/a>]<\/li>\n<li>Centro de rehabilitaci\u00f3n de operadas de mama &#8211; CROM.<\/li>\n<li>Tratamiento\u00a0 de linfedema.\u00a0 [<a href=\"https:\/\/www.lalcecrosario.org.ar\/lalcec\/linfedema\/\">Leer m\u00e1s<\/a>]<\/li>\n<li>Departamento de Asistencia Social.<\/li>\n<li>Subsidios para la entrega de citost\u00e1ticos y estudios espec\u00edficos.<\/li>\n<li>Consultorio oncol\u00f3gico.<\/li>\n<li>Consultorio psico-oncol\u00f3gico. Asistencia individual y grupal. [<a href=\"https:\/\/www.lalcecrosario.org.ar\/lalcec\/psicooncologia\/\">Leer m\u00e1s<\/a>]<\/li>\n<li>Difusi\u00f3n de medidas preventivas.<\/li>\n<li>Charlas y talleres en colegios.\u00a0\u00a0 [<a href=\"https:\/\/www.lalcecrosario.org.ar\/lalcec\/charlas-y-talleres-en-colegios\/\">Leer m\u00e1s<\/a>]<\/li>\n<li>Programa\u00a0 \u00ab<strong>Luzca bien &#8211; Si\u00e9ntase mejor<\/strong>\u00ab. [<a href=\"https:\/\/www.lalcecrosario.org.ar\/lalcec\/luzca-bien-sientase-mejor\/\">Leer m\u00e1s<\/a>]<\/li>\n<\/ul>\n<p style=\"text-align: center;\"><strong>Solicite turnos a los tel\u00e9fonos\u00a0 0341\u00a0 4491818\u00a0\u00a0 \/\u00a0\u00a0 4483479<\/strong><\/p>\n","protected":false},"excerpt":{"rendered":"<p>Consultorio de detecci\u00f3n precoz de c\u00e1ncer ginecol\u00f3gico. Consultorio de detecci\u00f3n precoz de c\u00e1ncer colo-recto-anal. Consultorio de detecci\u00f3n precoz de c\u00e1ncer de pr\u00f3stata. Consultorio de detecci\u00f3n precoz de c\u00e1ncer de piel. Consultorio de patolog\u00eda mamaria. Centro de apoyo y rehabilitaci\u00f3n para operados de laringe &#8211; CAROL.\u00a0 [Leer m\u00e1s] Centro de rehabilitaci\u00f3n&#8230;<\/p>\n<p> <a class=\"continue-reading-link\" href=\"https:\/\/www.lalcecrosario.org.ar\/lalcec\/servicios-a-la-comunidad\/\"><span>Ampliar<\/span><i class=\"crycon-right-dir\"><\/i><\/a> <\/p>\n","protected":false},"author":1,"featured_media":0,"parent":0,"menu_order":0,"comment_status":"closed","ping_status":"closed","template":"","meta":{"footnotes":""},"class_list":["post-10","page","type-page","status-publish","hentry","wpautop"],"jetpack_sharing_enabled":true,"_links":{"self":[{"href":"https:\/\/www.lalcecrosario.org.ar\/lalcec\/wp-json\/wp\/v2\/pages\/10","targetHints":{"allow":["GET"]}}],"collection":[{"href":"https:\/\/www.lalcecrosario.org.ar\/lalcec\/wp-json\/wp\/v2\/pages"}],"about":[{"href":"https:\/\/www.lalcecrosario.org.ar\/lalcec\/wp-json\/wp\/v2\/types\/page"}],"author":[{"embeddable":true,"href":"https:\/\/www.lalcecrosario.org.ar\/lalcec\/wp-json\/wp\/v2\/users\/1"}],"replies":[{"embeddable":true,"href":"https:\/\/www.lalcecrosario.org.ar\/lalcec\/wp-json\/wp\/v2\/comments?post=10"}],"version-history":[{"count":10,"href":"https:\/\/www.lalcecrosario.org.ar\/lalcec\/wp-json\/wp\/v2\/pages\/10\/revisions"}],"predecessor-version":[{"id":188,"href":"https:\/\/www.lalcecrosario.org.ar\/lalcec\/wp-json\/wp\/v2\/pages\/10\/revisions\/188"}],"wp:attachment":[{"href":"https:\/\/www.lalcecrosario.org.ar\/lalcec\/wp-json\/wp\/v2\/media?parent=10"}],"curies":[{"name":"wp","href":"https:\/\/api.w.org\/{rel}","templated":true}]}}